is -213103 - 423?
-213530
In base 7, what is -6330 + -321504?
-331134
In base 5, what is -3412430 - 1414?
-3414344
In base 7, what is 1 - -1220520224?
1220520225
In base 4, what is -30212202 + -10212?
-30223020
In base 5, what is 1244 - -433132310?
433134104
In base 13, what is -4ccc89 + 6?
-4ccc83
In base 13, what is -1c + 659b?
657c
In base 4, what is 1220 - 1312012220?
-1312011000
In base 6, what is 454110 + 1344?
455454
In base 9, what is -13 + 56520047?
56520034
In base 12, what is 68 + -21915?
-21869
In base 12, what is -11899762 + 7?
-11899757
In base 11, what is 381 - -761580?
761951
In base 13, what is 66b1 - 197?
6517
In base 2, what is -1101 + -11010000111001100010011110?
-11010000111001100010101011
In base 6, what is 55054 - 113551?
-14453
In base 8, what is -2664 - -224444?
221560
In base 5, what is -234 + 301302424?
301302140
In base 9, what is -2322241 + -5?
-2322246
In base 4, what is 131122213133 + -33?
131122213100
In base 15, what is -905 + cc7c6?
cbdc1
In base 11, what is 211881 + -41?
211840
In base 15, what is 7c84 + -3d8c?
3de7
In base 10, what is -3056016 + 0?
-3056016
In base 13, what is 3a8b - -2374?
6132
In base 15, what is 62487 + 638?
62ac0
In base 6, what is 15353553002 + 1?
15353553003
In base 2, what is -1011101101100010101100 - -1010?
-1011101101100010100010
In base 9, what is 2716261 + -2?
2716258
In base 14, what is 9a2 + 22dd0?
23992
In base 11, what is 7543aa3 - 2?
7543aa1
In base 13, what is 380 + -bb87?
-b807
In base 2, what is 10110111111101 - 11110010?
10110100001011
In base 12, what is b87bbb73 - 2?
b87bbb71
In base 11, what is 299aa - 65?
29945
In base 3, what is -10 + 1012120010222?
1012120010212
In base 4, what is -311021033310 + 1?
-311021033303
In base 3, what is -120202121002 + -2221?
-120202201000
In base 9, what is 66 - -55570?
55646
In base 9, what is 4 - -30728805?
30728810
In base 3, what is 121021 + -1110202120?
-1110011022
In base 15, what is -5 - -b81107?
b81102
In base 5, what is 121341203113 - -4?
121341203122
In base 7, what is -5 + 42406533?
42406525
In base 2, what is 0 - 1111010111011110000?
-1111010111011110000
In base 15, what is d44625 + -1?
d44624
In base 10, what is 3503 - -7327?
10830
In base 12, what is -5 - 194b021?
-194b026
In base 7, what is -4245224234 + -2?
-4245224236
In base 9, what is -4280267 + 53?
-4280214
In base 7, what is 116641 + -4353?
112255
In base 5, what is 3 - -331444401320?
331444401323
In base 16, what is -1b113 - -21?
-1b0f2
In base 7, what is -165646041 + -3?
-165646044
In base 8, what is 16265474 - 0?
16265474
In base 8, what is -4 + 33424423?
33424417
In base 5, what is -431430321141 - -3?
-431430321133
In base 7, what is 2 - 1514124?
-1514122
In base 13, what is -3 - 108c720c?
-108c7212
In base 6, what is 3 - -13335222225?
13335222232
In base 4, what is 1222022 + -2212012?
-323330
In base 6, what is -20 - -2504504?
2504444
In base 9, what is 114633377 + -2?
114633375
In base 11, what is 218 + -334a7?
-3328a
In base 7, what is -5 + 6436351005?
6436351000
In base 14, what is 6b20889 - 4?
6b20885
In base 8, what is 555 - -221576?
222353
In base 3, what is 21112201002211 - -11111?
21112201021022
In base 4, what is -1132300 - -32311223?
31112323
In base 8, what is 15560 + 116?
15676
In base 8, what is 4077201 + -1515?
4075464
In base 15, what is -2499e - -2a?
-24974
In base 8, what is 601556777 - -1?
601557000
In base 3, what is -2011 - -2020101201211?
2020101122200
In base 4, what is -13311011 + 12132?
-13232213
In base 10, what is 15120930 - -5?
15120935
In base 11, what is 2 + 5659786?
5659788
In base 12, what is 165 - -8a905?
8aa6a
In base 14, what is 4 + 4cd743d?
4cd7443
In base 14, what is -146c542 - b?
-146c54d
In base 12, what is -13a7 - a632?
-ba19
In base 3, what is 111 + 200022211201212?
200022211202100
In base 10, what is 8901449 + -2?
8901447
In base 13, what is 547 - -454c9?
45a43
In base 8, what is 6 - 4003732?
-4003724
In base 12, what is -2a0b817 - 67?
-2a0b882
In base 10, what is -413076 + 55?
-413021
In base 16, what is -5 - -29333?
2932e
In base 2, what is 1101 - -1101001001011101000?
1101001001011110101
In base 14, what is 3 + 259b771?
259b774
In base 4, what is 13 + 2202330003?
2202330022
In base 10, what is 1147776 - 5?
1147771
In base 16, what is e2 - 130c2?
-12fe0
In base 6, what is 1 + -341105443?
-341105442
In base 10, what is 5 + -17094140?
-17094135
In base 13, what is -14 - -435083?
43506c
In base 11, what is -1a2338141 - 3?
-1a2338144
In base 12, what is -2 - -381661a?
3816618
In base 10, what is -78 - -3511?
3433
In base 7, what is -250 - -60560?
60310
In base 5, what is -2130 + 20043121?
20040441
In base 10, what is 256328 - -135?
256463
In base 10, what is 93725 - 108?
93617
In base 3, what is -1110221122 + -2220002?
-1120211201
In base 8, what is 41342422 + -34?
41342366
In base 6, what is -23343 - 405221?
-433004
In base 12, what is 9 - -757256?
757263
In base 10, what is 4 - -18354709?
18354713
In base 14, what is 2 - -c070206?
c070208
In base 8, what is -63 - -676101?
676016
In base 2, what is 110100 - 111101001000101001010?
-111101001000100010110
In base 13, what is 2aa451 + 11?
2aa462
In base 15, what is -1741 - 306c?
-47ad
In base 8, what is 5035366 + -146?
5035220
In base 16, what is -5d78 - -22d?
-5b4b
In base 2, what is -11 - 11100100101001010101110?
-11100100101001010110001
In base 12, what is -467 + -24654?
-24abb
In base 13, what is 750869 + -7?
750862
In base 8, what is -2 - -56550465?
56550463
In base 16, what is 4 - 98d31f?
-98d31b
In base 11, what is -20220a04 - -13?
-202209a1
In base 16, what is 388c + 98b0?
d13c
In base 7, what is -315 + -106454635?
-106455253
In base 8, what is 2742647 - -1?
2742650
In base 6, what is -3344 + -4142544?
-4150332
In base 7, what is -53004 - 262415?
-345422
In base 10, what is 5 + 2359123?
2359128
In base 9, what is -44263 + 1827?
-42335
In base 11, what is -9 + -169a1?
-169aa
In base 16, what is 5b7936 - -3?
5b7939
In base 8, what is 463132 - -126?
463260
In base 11, what is -3358810 - 34?
-3358844
In base 4, what is -1002230032 - 301?
-1002230333
In base 12, what is -2 + -aa86875?
-aa86877
In base 14, what is -38d - -36758?
363a9
In base 13, what is 0 + -14315aa?
-14315aa
In base 4, what is -11 + 23130102023?
23130102012
In base 15, what is -b + 1979159?
197914d
In base 16, what is -1e - 35bbaf?
-35bbcd
In base 16, what is -46d - -230e?
1ea1
In base 14, what is -c + -6a063b5?
-6a063c3
In base 3, what is -10020122212201101 + 1?
-10020122212201100
In base 2, what is 100 + 111111100111110010000?
111111100111110010100
In base 6, what is 2 - 23244555?
-23244553
In base 3, what is 202111202 - -200101?
210012010
In base 2, what is -111111011100111101 + -110111010?
-111111100011110111
In base 6, what is -1404421215 - 5?
-1404421224
In base 16, what is -1 - ba8e5f?
-ba8e60
In base 10, what is -3 + -3985921?
-3985924
In base 5, what is 2000021043 - -33?
2000021131
In base 3, what is 10212121021201211 - 10?
10212121021201201
In base 6, what is 12 - -1010240424?
1010240440
In base 6, what is -424550 + 1311?
-423235
In base 5, what is -13 + 133223434?
133223421
In base 3, what is -11 - -1000202020102122?
1000202020102111
In base 12, what is 4 - -5393727?
539372b
In base 5, what is 2244040 - -2134?
2301224
In base 8, what is 6 - 122043177?
-122043171
In base 6, what is -424004012 - 33?
-424004045
In base 4, what is 322020011 - 2?
322020003
In base 9, what is -5 + 45363137?
45363132
In base 13, what is 1 - -251c08c?
251c090
In base 4, what is -302101 - -10232?
-231203
In base 16, what is -3e + -4813?
-4851
In base 16, what is -3e702f + -5?
-3e7034
In base 5, what is 1140200044 + 24?
1140200123
In base 8, what is 27 - 4352?
-4323
In base 6, what is -3520 - -5445240?
5441320
In base 10, what is 2061547 - -5?
2061552
In base 7, what is -3 - -104602340?
104602334
In base 6, what is -31330122 - 12?
-31330134
In base 5, what is 14223 + 120411?
140134
In base 7, what is 1105 - 16104?
-14666
In base 5, what is 1342 - 20314300?
-20312403
In base 15, what is 7 - 2a9bcb?
-2a9bc4
In base 3, what is 20 - 110002220120?
-110002220100
In base 10, what is -147236152 + -3?
-147236155
In base 5, what is 44234 - 2233114?
-2133330
In base 5, what is -10430413232 + 133?
-10430413044
In base 9, what i